264528?
2, 7, 20219
What are the prime factors of 5656288?
2, 11, 16069
What are the prime factors of 815714?
2, 407857
What are the prime factors of 4296630?
2, 3, 5, 13, 23, 479
List the prime factors of 283563.
3, 7, 643
What are the prime factors of 5894962?
2, 743, 3967
List the prime factors of 6198293.
23, 11717
What are the prime factors of 816019?
816019
List the prime factors of 4994426.
2, 2497213
List the prime factors of 344207.
344207
List the prime factors of 20872433.
20872433
List the prime factors of 5119165.
5, 1023833
What are the prime factors of 2525807?
2525807
List the prime factors of 3587569.
3587569
List the prime factors of 173241.
3, 19249
List the prime factors of 1011769.
11, 19, 47, 103
What are the prime factors of 4166691?
3, 29, 47, 1019
List the prime factors of 733781.
139, 5279
What are the prime factors of 317701?
317701
What are the prime factors of 1098945?
3, 5, 24421
What are the prime factors of 116704?
2, 7, 521
What are the prime factors of 194198?
2, 89, 1091
List the prime factors of 117249.
3, 11, 17, 19
List the prime factors of 637946.
2, 307, 1039
List the prime factors of 703991.
703991
List the prime factors of 2159469.
3, 13, 18457
List the prime factors of 5247760.
2, 5, 7, 9371
List the prime factors of 660737.
7, 11, 8581
List the prime factors of 3935081.
1783, 2207
List the prime factors of 6707458.
2, 3353729
What are the prime factors of 1471154?
2, 811, 907
What are the prime factors of 3470125?
5, 17, 23, 71
List the prime factors of 2119388.
2, 529847
List the prime factors of 157177.
157177
List the prime factors of 511933.
511933
What are the prime factors of 1545214?
2, 11, 70237
What are the prime factors of 367323?
3, 11, 11131
What are the prime factors of 8240?
2, 5, 103
What are the prime factors of 121265?
5, 79, 307
List the prime factors of 108089.
108089
What are the prime factors of 19408014?
2, 3, 139, 7757
List the prime factors of 23121326.
2, 17, 680039
List the prime factors of 104849.
104849
What are the prime factors of 144978?
2, 3, 73, 331
What are the prime factors of 46697?
7, 953
List the prime factors of 271190.
2, 5, 47, 577
List the prime factors of 11967.
3, 3989
List the prime factors of 1629383.
7, 19, 12251
What are the prime factors of 18802692?
2, 3, 131, 443
List the prime factors of 463592.
2, 167, 347
List the prime factors of 14474421.
3, 13, 193, 641
List the prime factors of 217361.
217361
What are the prime factors of 7185051?
3, 53, 5021
What are the prime factors of 4327651?
1607, 2693
List the prime factors of 2831431.
223, 12697
What are the prime factors of 7501282?
2, 853, 4397
What are the prime factors of 4342691?
1609, 2699
List the prime factors of 200791.
199, 1009
List the prime factors of 10534092.
2, 3, 23, 38167
List the prime factors of 3446359.
7, 17, 28961
What are the prime factors of 2931275?
5, 117251
List the prime factors of 9392366.
2, 4696183
List the prime factors of 17972907.
3, 659, 9091
List the prime factors of 152367.
3, 50789
List the prime factors of 4110228.
2, 3, 29, 31, 127
What are the prime factors of 2281693?
31, 89, 827
List the prime factors of 17067033.
3, 181, 10477
List the prime factors of 531207.
3, 59023
What are the prime factors of 1004535?
3, 5, 7, 1063
List the prime factors of 4891558.
2, 7, 349397
What are the prime factors of 62154?
2, 3, 1151
List the prime factors of 1903892.
2, 475973
List the prime factors of 5016852.
2, 3, 23, 73, 83
List the prime factors of 81364.
2, 20341
What are the prime factors of 2515876?
2, 11, 57179
What are the prime factors of 1280591?
13, 98507
What are the prime factors of 2590055?
5, 13, 39847
What are the prime factors of 7330727?
947, 7741
What are the prime factors of 1435110?
2, 3, 5, 47837
What are the prime factors of 8179458?
2, 3, 7, 194749
List the prime factors of 2192130.
2, 3, 5, 23, 353
List the prime factors of 690233.
690233
What are the prime factors of 62875?
5, 503
What are the prime factors of 13181933?
13181933
What are the prime factors of 18929462?
2, 523, 18097
List the prime factors of 879663.
3, 293221
List the prime factors of 272406.
2, 3, 83, 547
List the prime factors of 3441145.
5, 23, 1301
What are the prime factors of 77976?
2, 3, 19
What are the prime factors of 3948841?
13, 89, 3413
List the prime factors of 16316328.
2, 3, 7, 17, 29, 197
What are the prime factors of 4412579?
19, 71, 3271
What are the prime factors of 777359?
11, 17, 4157
What are the prime factors of 4118613?
3, 59, 23269
List the prime factors of 15156862.
2, 7, 23, 103, 457
List the prime factors of 4397997.
3, 43, 103, 331
List the prime factors of 1635214.
2, 7, 271, 431
List the prime factors of 3160204.
2, 790051
List the prime factors of 328663.
137, 2399
List the prime factors of 10858070.
2, 5, 17, 23, 2777
What are the prime factors of 3176684?
2, 7, 113453
List the prime factors of 3588275.
5, 17, 8443
What are the prime factors of 14578526?
2, 673, 10831
List the prime factors of 6616605.
3, 5, 441107
What are the prime factors of 217493?
19, 11447
What are the prime factors of 150796?
2, 37699
What are the prime factors of 157966?
2, 19, 4157
List the prime factors of 278328.
2, 3, 11597
List the prime factors of 49134.
2, 3, 19, 431
What are the prime factors of 564733?
13, 43441
List the prime factors of 618389.
479, 1291
List the prime factors of 3536027.
11, 521, 617
What are the prime factors of 3718504?
2, 464813
What are the prime factors of 97489?
7, 19, 733
List the prime factors of 1312457.
1061, 1237
What are the prime factors of 580281?
3, 13, 14879
What are the prime factors of 1396888?
2, 283, 617
What are the prime factors of 186565?
5, 37313
What are the prime factors of 800262?
2, 3, 23, 1933
List the prime factors of 17689.
7, 19
What are the prime factors of 622205?
5, 107, 1163
List the prime factors of 1390685.
5, 17, 16361
List the prime factors of 12034455.
3, 5, 802297
List the prime factors of 201501.
3, 17, 439
List the prime factors of 8757594.
2, 3, 19, 29, 883
What are the prime factors of 2694471?
3, 13, 59, 1171
List the prime factors of 1355507.
1355507
What are the prime factors of 474283?
17, 23, 1213
What are the prime factors of 31803?
3, 10601
List the prime factors of 115257.
3, 103, 373
What are the prime factors of 432429?
3, 17, 61, 139
What are the prime factors of 101939?
101939
What are the prime factors of 5377315?
5, 1075463
What are the prime factors of 1617619?
1617619
List the prime factors of 3608876.
2, 29, 53, 587
List the prime factors of 6499930.
2, 5, 509, 1277
List the prime factors of 287627.
43, 6689
What are the prime factors of 3828151?
3828151
List the prime factors of 3847.
3847
List the prime factors of 2056313.
7, 19, 15461
What are the prime factors of 292315?
5, 17, 19, 181
List the prime factors of 980118.
2, 3, 17, 3203
What are the prime factors of 528106?
2, 264053
List the prime factors of 1425824.
2, 17, 2621
List the prime factors of 408570.
2, 3, 5, 13619
List the prime factors of 2580.
2, 3, 5, 43
What are the prime factors of 857234?
2, 7, 61231
What are the prime factors of 172089?
3, 19121
List the prime factors of 21038388.
2, 3, 7, 211, 1187
List the prime factors of 8911171.
19, 469009
What are the prime factors of 24615414?
2, 3, 16883
What are the prime factors of 2929191?
3, 149, 6553
List the prime factors of 11869576.
2, 1483697
List the prime factors of 25446770.
2, 5, 503, 5059
List the prime factors of 2065598.
2, 1032799
What are the prime factors of 71829?
3, 23, 347
List the prime factors of 40793.
19, 113
List the prime factors of 3039067.
47, 64661
What are the prime factors of 1290702?
2, 3, 7, 79, 389
What are the prime factors of 1335595?
5, 29, 61, 151
What are the prime factors of 7540972?
2, 1885243
List the prime factors of 224892.
2, 3, 6247
List the prime factors of 136229.
23, 5923
What are the prime factors of 1211317?
109, 11113
List the prime factors of 23176204.
2, 179, 32369
List the prime factors of 17977255.
5, 3595451
List the prime factors of 5964781.
71, 84011
List the prime factors of 1541252.
2, 509, 757
List the prime factors of 886633.
11, 80603
What are the prime factors of 11493620?
2, 5, 61, 9421
List the prime 